me factors of i(v)?
2, 5
Let j(t) = 7*t**2 + 5*t + 7. Let h(v) = 15*v**2 + 9*v + 14. Let c be (2/3)/(2/(-39)). Let d(b) = c*j(b) + 6*h(b). List the prime factors of d(-5).
23
Let k(b) = -620*b + 127. What are the prime factors of k(-2)?
1367
Suppose -3*a - 3 = -3*h, -2*h + 4 = -3*a - 2. List the prime factors of 3/(h/(-247)) - 3.
2, 61
Let n = -20 - -36. Let r be (24/n)/((-3)/(-40)). Suppose -r = -6*w + 2*w. List the prime factors of w.
5
Let h(v) = -9*v**2 + 5 - 9*v + 0 + v**2 + v**3. Let y be h(9). List the prime factors of (y - 2) + (-2 - -33).
2, 17
Suppose -3*y + 4*y = 18. Suppose -22*u + y*u + 192 = 0. List the prime factors of u.
2, 3
Suppose 0 = -5*r, 0 = 8*y - 9*y - r - 13. What are the prime factors of (y - -12)*(-168 + -1)?
13
Suppose 0 = 26*i - 2395 + 263. List the prime factors of i.
2, 41
Let s(c) = 4*c - 8. Let q be (-2)/((-7)/(-2) + -4). Let y be s(q). Let p(i) = i**3 - 8*i**2 + 4*i - 16. List the prime factors of p(y).
2
Let x(o) = 5*o - 9. Let w be x(2). Suppose -w = -3*h + 5. List the prime factors of h.
2
Suppose -3*k = -9, 4*s - 3*s + 4*k = 19. Suppose s*r + 8 = 9*r. Suppose 180 = r*g + v, -g - 2*v + 30 = 2*v. List the prime factors of g.
2, 23
Let h(l) = l + 7. Let g(c) = 1. Let q(r) = 2*g(r) + h(r). Let i be q(-6). Suppose 4*m - i*m - 4 = 0. List the prime factors of m.
2
Let f = -28 - -24. Let k(o) = o + 8*o**2 - 2*o - 5 - 6*o**2. What are the prime factors of k(f)?
31
Suppose -4*z + 1938 = 2*r - 6*z, -5*r + 4863 = z. What are the prime factors of r?
2, 3
Let u(m) = -5*m**2 - 11*m + 9. Let l(v) = -v**2. Let a(k) = -5*l(k) - u(k). What are the prime factors of a(-4)?
107
List the prime factors of 22519/6 + (-12)/72.
3, 139
Let v = 12 - 4. Let n(d) = 31 + 23 - 96 + 3*d + 32. List the prime factors of n(v).
2, 7
Let q = 565 + -301. Suppose -4*k - q = -4*g, 4*k = -0*g - g + 81. Suppose -g = -4*s - 17. What are the prime factors of s?
13
Let s(v) = v**2 + 10*v - 1. Let c be s(-11). Let y = 65 - c. List the prime factors of y.
5, 11
Suppose 61 = 6*i + 19. List the prime factors of i*(-3 - 8)*-3 + 1.
2, 29
Let d(k) = k - 3. Suppose 2*z + 2 = -2*r + 6, -5*r = -z + 32. Let q be d(z). What are the prime factors of (-30)/20 - (-98)/q?
23
Suppose 17*t - 8*t + 54 = 0. What are the prime factors of t/(6*2/(-172))?
2, 43
Let w be (1 - 0)*-6 - -1. Let p(o) = -o**2 - 21*o + 7. Let s(y) = -y**2 - 50*y + 13. Let i(m) = -5*p(m) + 2*s(m). List the prime factors of i(w).
41
Let k(w) = -11*w - 5. Let i be k(-1). Let u(s) = -s**2 + 8*s + 4. List the prime factors of u(i).
2
Let s = 81 - -68. Suppose 4*t = 5*z - s, -2*z + 2*t + 70 = 3*t. Suppose -y + z = 5*k - 2*y, 4*y = 5*k - 42. List the prime factors of k.
2, 3
Suppose -4*x = -2*b - 74, -4*x - b - 37 = -102. Suppose 51 = 2*p - x. Suppose 5*q = -2*n + 103, n - 3*q - p = 23. What are the prime factors of n?
2, 3
Let v = 1925 - 1061. What are the prime factors of v?
2, 3
Let l be 5/(-2) + 143/26. What are the prime factors of 238 + l - ((-5)/(-1) - 1)?
3, 79
Suppose -6*w = -20245 - 9359. List the prime factors of w.
2, 2467
Suppose 0 = 55*c - 88666 - 4944. List the prime factors of c.
2, 23, 37
Let o = -11 + 12. Let v(h) = 5*h. Let y be v(o). Let f = y - 2. What are the prime factors of f?
3
Let u(n) = 45*n**2 - 14*n + 72. What are the prime factors of u(8)?
2, 5, 71
Suppose 0 = 7*p - 10*p + 351. List the prime factors of p.
3, 13
Let n = -957 + 1979. List the prime factors of n.
2, 7, 73
Suppose -6*v - 22 = -4. List the prime factors of ((-888)/(-4))/v*3/(-6).
37
Suppose -2*g + 7 + 129 = -4*i, -3*g = 2*i - 236. Let u = 2 + g. What are the prime factors of u?
2, 3, 13
Let z = 568 - 85. What are the prime factors of z?
3, 7, 23
Let o(g) = g**3 + 6*g**2 - 7*g. Let s = -33 + 49. Suppose 3*z + 11 + s = 4*p, -5*p = z - 10. List the prime factors of o(p).
2, 3, 5
What are the prime factors of -1 - 40/(-28) - 133110/(-70)?
2, 3, 317
Let l(i) = -348*i - 381. What are the prime factors of l(-4)?
3, 337
Suppose -10 = 3*r + 5*a, 2*r + 4*a = 3*r - 25. Suppose 5*q - 5*v = 20, -5 - 5 = r*v. Suppose -x - d = -59, x - q*d + 6*d - 71 = 0. List the prime factors of x.
5, 11
Let s = 1004 + 1203. List the prime factors of s.
2207
Let l(f) = 8*f**2 - f - 9*f**2 + 6*f + 5*f - 3. List the prime factors of l(3).
2, 3
Suppose -2639 = -3*v - 4*v. What are the prime factors of v?
13, 29
Let y(n) = 15*n**2 - 17*n + 13. What are the prime factors of y(-9)?
1381
Suppose -61*q = -25*q - 56304. List the prime factors of q.
2, 17, 23
Let n(t) = -5363*t**3 - t**2 + 10*t + 10. List the prime factors of n(-1).
2, 7, 383
Let j(f) = 18*f**2 + 8*f + 20. Let u be j(-6). Suppose -3*d = -u + 83. List the prime factors of d.
179
What are the prime factors of 3 + 395 + (-36)/6?
2, 7
Let g be (-93)/62 + 3/2. Suppose 0 = 4*a - a - 93. Suppose 3*m = c + a + 44, -3*c = g. List the prime factors of m.
5
Let a be (-285)/(-55) - 2/11. Let j(l) = -5*l**2 - 9*l + 20*l**2 - 3*l - 6*l**3 + a + 5*l**3. List the prime factors of j(14).
3, 11
Suppose -64 = -2*b - 2*b. Suppose 0*q + 2*q - b = 0. Suppose m = -m + q. What are the prime factors of m?
2
Let g = -10190 - -14350. List the prime factors of g.
2, 5, 13
Suppose 0 = -3*z + 3*w + 198, -282 = -4*z - 2*w - 3*w. Let a = z - 39. What are the prime factors of a?
29
Let d(t) be the third derivative of -t**6/120 - t**5/60 - t**4/12 + t**3/2 - 14*t**2 - 2*t. List the prime factors of d(-4).
59
Suppose 12*r + 75 - 219 = 0. Let c = r - -10. What are the prime factors of c?
2, 11
What are the prime factors of (77 + 1)*((-870)/(-18) - -11)?
2, 13, 89
Suppose 2*y - 30 = -4*h, -4*h + 3*h - 5*y + 30 = 0. Suppose 2*a = 2*z - 336, h*z - 3*a - a = 836. List the prime factors of z.
2, 41
Suppose -3*n - 5 + 0 = -y, 3*n + y - 5 = 0. Suppose -2*t - 2*t = -3*z - 355, 4*t - 5*z - 365 = n. List the prime factors of t.
5, 17
Suppose -s = -4861 + 2478. List the prime factors of s.
2383
Let h be (-1 - (-6 + 3)) + 12. Let w = 10 - h. What are the prime factors of (-6)/w - (-172)/8?
23
Let f(s) = -12*s**2 - 2*s + 1. Let o be f(2). Let w = 66 + o. What are the prime factors of w?
3, 5
Suppose -7*u = -7 - 49. Let w(j) = -2*j**2 - 12*j - 4*j**2 + j + j**3. List the prime factors of w(u).
2, 5
Let s = -2280 - -3499. List the prime factors of s.
23, 53
Let l be ((-3)/2 + 2)*(0 + 0). Suppose l*r - x = 4*r - 1295, r - x = 330. List the prime factors of r.
5, 13
Suppose 0 = -13*z + 2921 + 16098. What are the prime factors of z?
7, 11, 19
Suppose -5 = -15*r + 16*r. Let x(c) = c**3 + 6*c**2 - 4*c + 11. List the prime factors of x(r).
2, 7
Let b = -39 + -2. Let o = -227 + 166. Let g = b - o. What are the prime factors of g?
2, 5
Let p(v) = 1451*v**2 - 8*v - 9. List the prime factors of p(-1).
2, 5, 29
Let k(c) = 2*c + 45. Let q be k(-23). Let u(y) = -88*y + 2. List the prime factors of u(q).
2, 3, 5
Let a = -13 - -40. Let q be 4/(-18) + (-21)/a. List the prime factors of (-3 + 29)*q/(-2).
13
Let s(o) be the second derivative of o**6/180 - o**5/60 + o**4/12 - 5*o. Let a(b) be the third derivative of s(b). What are the prime factors of a(3)?
2, 5
Let i be (-1*(0 + 0))/(-2). Suppose -a + 11*a - 1030 = i. List the prime factors of a.
103
Suppose 0 = -3*l - o - 11212, -o = -3*l - 10464 - 752. Let x = l + 5358. List the prime factors of x/25 + (-4)/5.
2
List the prime factors of ((-1207)/(-1))/(5 - (8 + -4)).
17, 71
Let q be (-6)/(-27) - (1 + 164/9). Let b(s) = 36*s**2 - s. Let i be b(-1). Let x = q + i. List the prime factors of x.
2, 3
Let l(x) be the third derivative of 5*x**4/24 + 8*x**3/3 + 6*x**2. What are the prime factors of l(8)?
2, 7
Let a = 27 - 43. Let q(w) = -4*w - 17. List the prime factors of q(a).
47
Suppose -u - k - 7 = 0, 6 = -3*u - 2*k - 12. Let r = 9 + u. What are the prime factors of r?
5
Suppose 4*f + 7884 = 3*l, 3*l + 34*f = 39*f + 7881. What are the prime factors of l?
2, 7, 47
Let q = 100 - 83. What are the prime factors of q?
17
Let b(p) = -p**3 + 5*p**2 + 5*p + 5. Suppose -20 = -o + 6*o. What are the prime factors of b(o)?
3, 43
Suppose 3*y + 0*y + 4*q = 24, 5*y = 5*q + 40. Let n = y + 0. Suppose n = 2*m, -3*c + 77 = -7*m + 3*m. List the prime factors of c.
31
Let h(z) = 37*z - 219. What are the prime factors of h(42)?
3, 5, 89
Let z = 13 + -9. Suppose 0*c + z*c - 328 = 0. What are the prime factors of c?
2, 41